 c - 105 = h + 175. Calculate the highest common factor of c and 204.
12
Let w be 6/(-8) + (-1560)/(-32). Suppose 5*h - 385 = 3*o, 4*o - 183 + 3 = -2*h. What is the greatest common divisor of w and h?
16
Let w be (-16)/24 + 280/(-12). Let p be ((-234)/w)/(6/16). What is the highest common divisor of p and 13?
13
Suppose -3*u - 3*o + 345 = -171, 0 = 5*u - 2*o - 846. Let h be ((-198)/(-165))/(((-63)/(-150))/7). Calculate the greatest common factor of u and h.
10
Let o be 168/(-60)*(-50)/(-105) + 151/3. Let i be 42/8*((-156)/(-9) + 4). What is the greatest common factor of i and o?
7
Let r = -723 - -717. Let i(y) = -3*y**3 - 10*y**2 + 2*y + 9. Let g be i(r). What is the greatest common divisor of 171 and g?
57
Suppose -5777 - 1450 = -219*x. What is the highest common divisor of x and 6567?
33
Suppose 12 = i + 2*i - 3*y, -2*i - y + 11 = 0. Suppose -212 = 4*w + i*c - 574, 5*c + 196 = 2*w. Let o = -66 + w. What is the highest common factor of 3 and o?
3
Suppose o = -10*y + 5*y + 1563, -12*o + 15 = -7*o. Let j be 39*-4*(-3)/18. What is the greatest common divisor of y and j?
26
Suppose 137*k - 610974 = -45*k. Calculate the greatest common factor of k and 5968.
373
Let a = 1 - -3. Let z be ((-20)/6)/(a + 254/(-63)). Calculate the greatest common factor of 15 and z.
15
Let y(f) = 3*f**2 - 26*f + 2. Let j be y(9). Suppose 5*n - 5*o = 55, 3*n - j*o - 45 = -14*o. What is the highest common divisor of n and 65?
13
Let w = 142 - 206. Let b be w/((-27)/(-33) + -1). Let h = 2731 - 2699. Calculate the greatest common factor of h and b.
32
Let o be (-9)/((-108)/39)*340. Calculate the greatest common factor of 2635 and o.
85
Let c(i) = 3*i**2 + 75*i - 33. Let h = -260 - -234. Let p be c(h). What is the highest common divisor of 1215 and p?
45
Let r be 149 + -148 - -2*3. Calculate the greatest common divisor of 554 and r.
1
Suppose -24*s - 56*s = 20*s - 1184200. Calculate the greatest common factor of s and 573.
191
Let q(x) = -316*x + 3449. Let d be q(9). What is the greatest common factor of 20 and d?
5
Suppose 43*r + 40*r - 954 = 5354. Calculate the greatest common divisor of 1121 and r.
19
Let j(x) = 3285*x - 29 - x**2 - 3246*x - x**2. Let k be j(9). Calculate the greatest common factor of k and 20.
20
Let v be 111 - -5*(-6 - 189/(-35)). Calculate the highest common factor of v and 180.
36
Let c = 107 + -103. Suppose -3*a = 2*p - 167 - 273, c*a = 2*p - 412. What is the greatest common factor of 2 and p?
2
Let c = -192 + 210. Let j = 16 - -110. What is the highest common factor of j and c?
18
Let s = 15 - 8. Suppose s = -3*i - 38. Let c be (6/i)/((-1)/60). What is the highest common divisor of 48 and c?
24
Suppose -33*a - 279850 = -664861. Let b be (-20)/180 - a/(-27). What is the greatest common divisor of 96 and b?
48
Suppose b + 18 = 2*m, 5*m - 5*b = -20 + 65. Let h = 43 - 4. Calculate the highest common factor of h and m.
3
Let r = 150 + -126. Suppose -3*m + 9*m = 276. Let a = -10 + m. Calculate the highest common divisor of r and a.
12
Let r = 156 + -135. Let w(k) = 2*k**3 - 8*k**2 + 8*k + 3. Let f be w(6). Let l = 363 - f. What is the greatest common divisor of l and r?
21
Let f be (170/(-15))/((-4)/30). Suppose -2*p + 28 + f = 5*s, 4*s - 49 = -p. What is the highest common divisor of 23 and p?
23
Suppose 20 = 5*m, 4*v = 1073*m - 1078*m + 792. Calculate the highest common factor of v and 26827.
193
Let u = -266 + 171. Let f = u - -161. Suppose 2*a - 13*a + f = 0. What is the highest common divisor of 66 and a?
6
Suppose 3*k - 4*i = 252, -23*k + 74 = -22*k + 2*i. Let t(n) = 15*n + 2. Let l be t(-8). Let h = 238 + l. Calculate the greatest common divisor of h and k.
40
Suppose 113*s - 1827 = 50*s. What is the greatest common factor of s and 3161?
29
Let g be 552170/35 + (-24)/84. Suppose -45*w + g = -11*w. Calculate the greatest common divisor of 32 and w.
16
Let t be (-86)/(-6) + (-68)/(-102). Let f be t/120 + 134*63/48. Suppose -f = -4*k - 0. Calculate the highest common factor of 132 and k.
44
Let l = 106 - 172. Let i = 7 + l. Let w = -56 - i. Calculate the highest common factor of w and 24.
3
Let c = -22295 + 24297. What is the greatest common divisor of 156 and c?
26
Let x be (6/10)/((-10)/(-50)). Let z(w) = 2*w**2 + 9*w - 5. Let v be z(x). Let p = v - 18. What is the highest common divisor of p and 66?
22
Let i(b) = -b**3 + 45*b**2 + 436*b + 67. Let h be i(53). What is the highest common factor of 95 and h?
19
Suppose 9922 = 2*c + 4*q, -13*c + 17*c - 19850 = -2*q. What is the greatest common factor of 7 and c?
7
Suppose 0 = 21*z - 17*z + t - 858, 2*z + 3*t = 444. Suppose -75 = 4*g - 643. What is the highest common divisor of g and z?
71
Let d be 17040/(-852)*1/(-10)*3. Calculate the greatest common divisor of d and 1142.
2
Suppose f - 2*f + 38 = 0. Suppose 374 + 44 = 17755*l - 17744*l. What is the highest common factor of l and f?
38
Let j be 2 + (8 - (-1 + 7)). Suppose -2*s = 2*a - 52, -5*s = j*a - 59 - 67. Suppose -4*c = 67 - 419. Calculate the greatest common factor of s and c.
22
Let c be 17 + -20 + (-2 - 0) + 244. Suppose l + 238 = j, -2*j + 3*l + 238 = -c. What is the highest common divisor of 158 and j?
79
Suppose -3*s - s = 5*d - 2085, 5*s + d = 2601. Suppose 2*z = -306 + 320, -3*h - 2*z = -74. Calculate the highest common factor of s and h.
20
Let q = -1478 + 1566. Calculate the greatest common divisor of q and 104.
8
Suppose -32*t = 3549 + 2019. Let k be ((-148)/6)/(t/18 - -9). Calculate the highest common factor of k and 481.
37
Let k be 137 - (8 + 19 + -16). What is the highest common factor of 3864 and k?
42
Let r be -15 + -80*(-15 - 0). What is the greatest common factor of 15 and r?
15
Let l(a) = -22*a**2 - 57*a + 22. Let z be l(-3). Suppose -5*p = 250 + 75. Let c be (p/4)/z + 1/(-4). What is the highest common divisor of c and 24?
3
Let c be 60*(0 + 4*20/32). Calculate the highest common divisor of c and 615.
15
Let v(b) be the second derivative of -68*b**3/3 - 51*b**2/2 + 150*b. Let q be v(-1). Calculate the highest common factor of q and 850.
85
Suppose 2*j - g - 407 = 162, 5*j = -2*g + 1400. Calculate the greatest common divisor of 258 and j.
6
Suppose -48*y = -4201 - 503. Calculate the greatest common divisor of y and 84.
14
Suppose -5*t = -5*p + 15, t + 5 = -3*p + 34. Suppose -p - 26 = -2*h. What is the greatest common factor of 17 and h?
17
Suppose 5*c - 29*p = -34*p + 1570, 3*p = -c + 322. What is the highest common factor of c and 3038?
62
Suppose -506 = -a + 2*l, -4*l = -0 - 8. Calculate the greatest common factor of 578 and a.
34
Let g(s) = -2*s + 12. Let o be g(0). Let j(p) = -p**2 - 84*p - 584. Let h be j(-74). What is the highest common factor of o and h?
12
Let q(p) = -7*p**3 - 17*p**2 - 12*p - 324. Let x be q(-10). What is the highest common factor of 156 and x?
52
Suppose -4*m - 136 = -w, 29 = 2*w - m - 201. Let h(y) = y**2 + 3*y - 4. Let g be h(3). Let v = 28 - g. What is the greatest common divisor of w and v?
14
Let o(q) = q**3 - 22*q**2 + 19*q + 45. Let v be o(21). Suppose v*h = 179 + 61. Suppose 0 = 2*t - 235 - 165. What is the highest common divisor of t and h?
40
Suppose -4*i + 93 = 5*d, -6*d - 80 = -5*i - 5*d. Let r = -182 + 233. What is the greatest common factor of i and r?
17
Let m = -40 + 145. Suppose -151*w - 51 = -154*w + 3*h, -6*w - 4*h = -82. Calculate the highest common divisor of w and m.
15
Suppose 0 = -k + d + 24, -d = -4*k - 3*d + 72. Suppose 0 = -54*m + 49*m - 305. Let u be m/(-2) - (-12)/(-24). Calculate the highest common divisor of k and u.
10
Let m be 9*10/(-10)*5/3. Let s be 37 + 7/((-35)/m). Calculate the greatest common factor of 5 and s.
5
Let t be (-7 + 4 + -32)/(1/(-5)). Calculate the highest common divisor of 1575 and t.
175
Let p(o) = 458*o + 1025. Let w be p(0). Suppose j - 10 = -0*m + 3*m, -3*j = 4*m - 95. What is the greatest common factor of w and j?
25
Suppose -w + 2 = -4. Let c = 132 + -82. Suppose 6*l - c = 238. Calculate the greatest common divisor of w and l.
6
Let z(h) = h**3 - 3*h**2 + h + 3. Let y = 5 - 3. Let t be z(y). Let a be 1/t + (38 - 4). Calculate the highest common divisor of 14 and a.
7
Suppose -4*h = -2*s - 15 + 77, -7*s + 163 = -5*h. Calculate the greatest common divisor of s and 5833.
19
Let k = -611 - -616. Suppose -3*c - 5*x + 0*x + 1414 = 0, 1887 = 4*c 